Let s be (5/3)/((-2)/(-6)). What is the highest common factor of o and s?
5
Suppose 9*w - 2 = 7. What is the highest common factor of w and 7?
1
Suppose -3*b - 60 = -5*b. Let w be (-3)/9 + (-10)/(-3). Suppose 3*j - 6 = w*p, -2*j - j + b = 3*p. Calculate the highest common factor of 15 and j.
3
Let r be -3 + 17 - (-3 + (3 - -2)). Suppose -2*l - 2*l + 336 = 0. What is the highest common divisor of r and l?
12
Let y = -1 - -5. Suppose -q - y*q = -270. What is the greatest common divisor of 18 and q?
18
Suppose 2 = 2*a + 12. Let d be (-137)/a - 2/5. Suppose -3*u + u = 4*b - 28, 3*u = -3*b + d. Calculate the greatest common factor of b and 10.
5
Let r = 9 - 2. Suppose -107 = -3*v + t, 2*v - r*v - 2*t + 160 = 0. Let h(o) = 20*o + 5. Let i be h(4). What is the highest common divisor of v and i?
17
Let c = 60 + 12. Calculate the highest common divisor of c and 8.
8
Let a = 7 + 13. Let c = -17 + 77. What is the highest common factor of c and a?
20
Suppose 4*p = -h + 7*p, -2*h + 3*p = -3. Suppose -3*y + 69 = h*i, 15 = -2*i + 3*i + 3*y. What is the greatest common factor of 3 and i?
3
Let l be 10/(-4)*8/(-10). Suppose -4*t = -l*t - 80. Calculate the greatest common divisor of t and 20.
20
Suppose w - 19 = -2*q, 0 = 4*q + 9 - 5. What is the highest common divisor of 3 and w?
3
Suppose 6 = 5*i - k - 19, -i - 5*k = -31. Suppose i*a - 64 = 2*a. Calculate the highest common divisor of 16 and a.
16
Suppose 5*d + 23 = 2*k, k + 3*k - 2*d - 38 = 0. What is the greatest common factor of 1 and k?
1
Let v = -22 - -36. Suppose -d = -5*i + 2*d + 545, i - 107 = d. Calculate the highest common divisor of i and v.
14
Let w(z) = -z**3 - 3*z**2 + z + 23. Let i be w(0). What is the highest common divisor of i and 161?
23
Let u = 2 - -8. Suppose 3*m - 220 = m. Calculate the highest common factor of m and u.
10
Suppose 0*a + 28 = 4*a. Suppose -6*j = -a*j + 8. Let u = 14 - 10. What is the highest common factor of j and u?
4
Let m(g) = -g**3 + 7*g**2 - 8*g + 4. Let l be m(5). What is the greatest common factor of l and 8?
2
Let x(l) = 3*l**3 - 2*l**2 - 2*l + 2. Let a be x(-2). Suppose 0 = 5*z - 50 - 30. Let c = z - a. What is the greatest common divisor of 6 and c?
6
Let v be (-36)/42*(-84)/18. Calculate the greatest common divisor of 20 and v.
4
Let l(d) = 3*d + 3. Let u be l(-6). Let t be (-2)/(-2 - 24/u). Suppose t*j + 0*j = 480. What is the highest common factor of 12 and j?
12
Let z be -1 - (-9 + -1 + -2). Suppose -5*n + z + 4 = 0. What is the greatest common factor of 33 and n?
3
Suppose -2*f = f. Suppose -204 = -3*g - f*g. Let p = -14 + 31. Calculate the greatest common divisor of g and p.
17
Let c(u) = u**2 + 9*u + 16. Let w be c(-7). Let o be 48/w - 4/2. Calculate the greatest common divisor of 11 and o.
11
Suppose -4*h + 22 = -2*h. Let g = 18 - h. Calculate the greatest common divisor of g and 1.
1
Let s(u) = u**3 + 6*u**2 + 8*u + 7. Let y be s(-5). Let c = y + 12. What is the greatest common divisor of 1 and c?
1
Suppose -4*y = -3*y - 35. Let f be (-2)/(8/(-10))*2. Calculate the highest common divisor of f and y.
5
Suppose f + 2*k - 13 = -k, 5*f - 5*k = 145. Suppose -3*h + 25 = 2*h. What is the greatest common divisor of f and h?
5
Let r(m) = m**3 + 5*m**2 - 3*m + 1. Let f be r(-5). Suppose -2*t = -f - 28. Calculate the highest common factor of 55 and t.
11
Suppose k - 282 = 294. Suppose -a = 3*a - k. Suppose t - 6*t = -80. Calculate the greatest common factor of a and t.
16
Let n be ((-88)/10)/((-8)/20). What is the highest common divisor of 11 and n?
11
Let t be -48*(-9)/21*7/4. What is the greatest common factor of t and 108?
36
Suppose 5*q = 4*q - 30. Let d = -16 - q. What is the greatest common factor of 28 and d?
14
Suppose -v = c - 10 - 2, 2*v - 21 = -c. Calculate the highest common divisor of v and 9.
9
Suppose 2*q + 154 = 4*a - 68, 0 = a + 3*q - 38. What is the highest common factor of a and 265?
53
Let z(x) = -x**3 + 8*x**2 - 9*x + 16. Let p be z(7). What is the highest common factor of 2 and p?
2
Let y be ((-36)/15)/((-2)/5). Let k be 1 + (0 - 2) - -4. Suppose 0 = k*f - 8*f + 30. What is the highest common divisor of f and y?
6
Let i be 3*2/3*1. Suppose r = i + 9. What is the highest common factor of 11 and r?
11
Suppose 0 = 3*i - 129 - 81. What is the highest common divisor of i and 14?
14
Suppose -6*d + 114 = 6. What is the greatest common factor of d and 18?
18
Let p(v) = v - 3. Let c be p(0). Let a = c + 6. What is the highest common factor of 2 and a?
1
Suppose h = -2*h. Suppose h = -r + 26 + 73. Calculate the greatest common divisor of 9 and r.
9
Let b(n) = n + 15. Let s be b(-3). What is the greatest common factor of s and 132?
12
Let x = 90 + -51. What is the highest common divisor of x and 13?
13
Suppose -17*q + 19*q = 114. What is the greatest common factor of q and 19?
19
Let o(f) be the first derivative of 11*f**4/4 - f**2/2 + f - 3. Let d be o(1). What is the greatest common factor of d and 22?
11
Let m(h) = h + 35. Let j be m(0). Let f be 7*-1*(1 - 2). What is the highest common divisor of j and f?
7
Suppose -4*f + 195 = 5*m, 0 = -3*f - m + 43 + 95. What is the greatest common factor of f and 15?
15
Let q be (6 + -6)*2/6. Suppose q = d - 3*d. Suppose 6*f = 2*m + f - 98, 2*m - f - 90 = d. Calculate the greatest common factor of 4 and m.
4
Suppose 5*s - 255 = 20. Let h = -139 - -243. Suppose 0 = b + z - 4*z - 31, -2*z = 5*b - h. What is the greatest common divisor of s and b?
11
Suppose -16*w + 41 + 55 = 0. What is the greatest common divisor of w and 48?
6
Let k be ((-4)/10)/((-3)/15). Suppose -k*l = 2*d + 6, -d + 2*l - 23 = 7*l. Suppose -1 = -d*i + 3. Calculate the highest common factor of i and 10.
2
Let f be 2/(-5) - 257/(-5). Calculate the highest common divisor of f and 85.
17
Suppose -j - f + 89 - 3 = 0, 5*f - 160 = -2*j. Calculate the highest common divisor of j and 18.
18
Let a(m) = -m**3 - 5*m**2 - 6*m - 2. Suppose 24 = -5*z + 4. Let x be a(z). Let h be (-2)/(x/(-9)) + 0. What is the greatest common divisor of 3 and h?
3
Let h be 6 + (0/1 - 2). Let v = 15 - h. Let l(d) = 14*d - 7. Let s be l(6). What is the greatest common divisor of v and s?
11
Let q(o) = 42*o - 3. Suppose -12 = -6*d + 3*d. Let h be q(d). Calculate the greatest common divisor of 15 and h.
15
Suppose -v - 4*v + 40 = 0. Let y(x) = x**3 + x**2 + x + 72. Let l be y(0). What is the greatest common divisor of l and v?
8
Let m(a) = -a**3 - 3*a**2 + 3*a - 4. Let g be m(-4). Suppose g = -4*p + 5*c + 43, -2*p - 2*p + 2*c = -34. Calculate the highest common divisor of 7 and p.
7
Suppose 0 = 2*d - 0 - 6. Suppose 0 = 3*m - d*l + 30, -4*l = 5*m + 11 + 12. Let k be m/(3 - 4 - 0). Calculate the greatest common divisor of 70 and k.
7
Suppose -2 = -r + 66. Calculate the highest common divisor of r and 17.
17
Let x(d) = 6*d - 4*d - 2 + d. Let k = 7 + 0. Let w be x(k). Calculate the highest common divisor of w and 209.
19
Suppose 0 = k - 14 - 6. Suppose -12*l + 16*l - k = 0. Calculate the highest common divisor of 20 and l.
5
Let k = 26 - 16. Calculate the highest common factor of 20 and k.
10
Suppose 0 = 5*c - 2*c. Let s(k) = k**2 + 15. Let v be s(c). Suppose 3*z - g - 242 = -z, z - 70 = 5*g. What is the highest common divisor of v and z?
15
Let g be (-3 - -28)*(-2 + 3). Let x = 9 - 4. What is the greatest common divisor of g and x?
5
Let y(b) = b + 41. Let t be y(-10). What is the highest common factor of 279 and t?
31
Suppose 3*a - 4*t - 3 - 9 = 0, -5*t = -2*a + 15. Suppose a = -0*m - m + 14. Calculate the greatest common divisor of 98 and m.
14
Let y be 4*3*(-3)/(-18). Let f(k) = 6 + y - 2*k - 5 + k**2. Let w be f(3). What is the highest common divisor of 6 and w?
6
Suppose 1556 = -2*o + 6*o + 4*x, -o - 3*x + 393 = 0. What is the greatest common divisor of 43 and o?
43
Let z(w) = 7*w + 35. Let b be z(10). What is the greatest common divisor of b and 21?
21
Let s = 81 - 39. Calculate the greatest common divisor of 28 and s.
14
Let f = 3 + 1. Suppose -h + 7 = -f. What is the greatest common divisor of 55 and h?
11
Let y = -20 + 26. Let b be 5*22/y*3. What is the highest common divisor of b and 11?
11
Let h = 87 - 62. Suppose -h + 97 = z. Calculate the highest common factor of 8 and z.
8
Suppose -14*o + 328 = -6*o. What is the highest common factor of o and 164?
41
Let z be (6/5)/